ple of 33?
False
Does 457 divide 2206395?
False
Does 45 divide 26640?
True
Is 319903 a multiple of 57?
False
Is 125 a factor of 34717?
False
Is 140 a factor of 2492000?
True
Does 5 divide 6432576?
False
Is 20 a factor of 834600?
True
Does 7 divide 57768?
False
Does 2 divide 510600?
True
Is 3603216 a multiple of 202?
False
Is 1433114 a multiple of 136?
False
Does 218 divide 24852?
True
Is 2612628 a multiple of 17?
True
Is 168 a factor of 1562736?
True
Is 10132032 a multiple of 339?
True
Is 896 a factor of 5514892?
False
Is 26 a factor of 642122?
True
Is 1559313 a multiple of 467?
True
Is 978562 a multiple of 13?
True
Is 275568 a multiple of 6?
True
Is 12 a factor of 8912551?
False
Is 7 a factor of 26994?
False
Is 14 a factor of 291340?
True
Is 92 a factor of 135884?
True
Is 1171908 a multiple of 54?
True
Is 11853 a multiple of 27?
True
Is 66 a factor of 116563?
False
Is 11 a factor of 1427776?
False
Does 18 divide 38088?
True
Is 1028404 a multiple of 1297?
False
Is 156871 a multiple of 13?
True
Is 40 a factor of 74880?
True
Is 28 a factor of 7138864?
False
Is 243 a factor of 1306611?
True
Does 40 divide 303962?
False
Is 197 a factor of 991775?
False
Is 330993 a multiple of 369?
True
Is 1010293 a multiple of 31?
False
Is 10 a factor of 107880?
True
Is 2 a factor of 489008?
True
Does 48 divide 209184?
True
Does 185 divide 804380?
True
Is 20612 a multiple of 76?
False
Does 2 divide 7611?
False
Does 10 divide 27987?
False
Is 69097 a multiple of 42?
False
Is 632170 a multiple of 394?
False
Does 11 divide 14938660?
True
Is 72 a factor of 2217816?
True
Does 22 divide 501182?
True
Is 6261082 a multiple of 12?
False
Does 50 divide 43437?
False
Is 60 a factor of 273306?
False
Is 1023978 a multiple of 13?
False
Is 356963 a multiple of 37?
False
Does 14 divide 1344631?
False
Is 229562 a multiple of 98?
False
Is 5592861 a multiple of 392?
False
Is 64800 a multiple of 160?
True
Is 55 a factor of 43670?
True
Is 152927 a multiple of 23?
True
Is 17 a factor of 38505?
True
Is 32 a factor of 160790?
False
Is 20 a factor of 2467900?
True
Is 722567 a multiple of 71?
True
Is 6285163 a multiple of 14?
False
Is 3262036 a multiple of 461?
True
Does 88 divide 40575?
False
Is 157094 a multiple of 14?
True
Is 7067545 a multiple of 116?
False
Is 134 a factor of 388351?
False
Is 14025075 a multiple of 25?
True
Does 55 divide 947870?
True
Does 470 divide 2304410?
True
Is 186 a factor of 1292926?
False
Does 6 divide 43871?
False
Is 110 a factor of 602250?
True
Is 26251 a multiple of 5?
False
Is 1619067 a multiple of 13?
False
Does 35 divide 17825794?
False
Is 223903 a multiple of 21?
False
Is 50 a factor of 13102146?
False
Is 35 a factor of 2204232?
False
Is 44 a factor of 1585716?
True
Is 6594720 a multiple of 220?
True
Is 3862320 a multiple of 616?
True
Is 5027975 a multiple of 25?
True
Is 69088 a multiple of 34?
True
Is 864862 a multiple of 262?
True
Does 66 divide 1468632?
True
Does 11 divide 1316974?
False
Is 10 a factor of 1861870?
True
Is 53 a factor of 17094991?
True
Is 8 a factor of 1300815?
False
Does 45 divide 4955130?
True
Is 17616 a multiple of 8?
True
Is 2987114 a multiple of 309?
False
Is 1963104 a multiple of 572?
True
Does 4 divide 16170?
False
Is 1613496 a multiple of 111?
True
Is 4653006 a multiple of 135?
False
Is 99 a factor of 72364?
False
Is 2 a factor of 85601?
False
Is 1984489 a multiple of 15?
False
Does 90 divide 270000?
True
Does 42 divide 542562?
False
Is 23826312 a multiple of 249?
True
Is 3436902 a multiple of 18?
True
Is 33 a factor of 848279?
False
Is 547263 a multiple of 3?
True
Is 3 a factor of 70201?
False
Is 5824728 a multiple of 8?
True
Is 18501900 a multiple of 337?
False
Is 89 a factor of 171494?
False
Is 38 a factor of 155303?
False
Is 30 a factor of 92250?
True
Does 31 divide 94467?
False
Is 480870 a multiple of 130?
True
Is 5468885 a multiple of 15?
False
Does 149 divide 125756?
True
Is 1110723 a multiple of 351?
False
Does 23 divide 167693?
True
Is 414878 a multiple of 153?
False
Is 10 a factor of 201090?
True
Is 90752 a multiple of 99?
False
Does 22 divide 5926088?
False
Is 11 a factor of 64296?
False
Is 3 a factor of 61089?
True
Is 418 a factor of 4460060?
True
Is 720282 a multiple of 21?
False
Is 154301 a multiple of 4?
False
Is 930904 a multiple of 159?
False
Does 14 divide 44711?
False
Is 2298935 even?
False
Is 231569 a multiple of 13?
True
Is 129257 a multiple of 36?
False
Is 90 a factor of 24463620?
True
Does 14 divide 7173?
False
Is 45 a factor of 3025170?
True
Is 7525 a multiple of 4?
False
Is 80444 a multiple of 208?
False
Is 22 a factor of 401860?
False
Is 1089684 a multiple of 62?
False
Does 421 divide 10340602?
True
Is 381 a factor of 357759?
True
Is 8 a factor of 874629?
False
Is 1177016 a multiple of 154?
False
Is 10 a factor of 76472?
False
Is 91655 a multiple of 23?
True
Is 15 a factor of 87975?
True
Does 364 divide 3852921?
False
Does 25 divide 4472775?
True
Does 1226 divide 3388664?
True
Does 210 divide 13024864?
False
Does 87 divide 2634534?
True
Is 14 a factor of 330796?
False
Is 249660 a multiple of 219?
True
Is 432864 a multiple of 432?
True
Does 3 divide 361935?
True
Is 426716 a multiple of 428?
True
Is 13 a factor of 138385?
True
Is 178 a factor of 1454086?
False
Is 296040 a multiple of 16?
False
Does 39 divide 29559?
False
Does 17 divide 113254?
True
Is 1297242 a multiple of 6?
True
Is 790 a factor of 6177463?
False
Is 164 a factor of 2077963?
False
Is 1773780 a multiple of 740?
True
Is 163 a factor of 127981?
False
Is 35 a factor of 74233?
False
Does 107 divide 161998?
True
Is 44 a factor of 1371530?
False
Is 126344 a multiple of 8?
True
Does 77 divide 82445?
False
Does 168 divide 233793?
False
Is 65 a factor of 1354854?
False
Does 11 divide 11846?
False
Is 166 a factor of 22454716?
False
Is 480948 a multiple of 156?
True
Does 59 divide 590430?
False
Does 110 divide 1757263?
False
Is 505087 a multiple of 11?
True
Is 218426 a multiple of 62?
True
Does 7 divide 54686?
False
Is 534 a factor of 99787?
False
Is 1463950 a multiple of 475?
True
Is 28 a factor of 2260969?
False
Is 12 a factor of 4859?
False
Does 115 divide 1831900?
False
Is 14 a factor of 591388?
True
Is 722 a factor of 5261214?
True
Does 16 divide 10126192?
True
Is 2370358 a multiple of 95?
False
Does 8 divide 132256?
True
Does 34 divide 13414700?
True
Does 32 divide 84344?
False
Is 138332 a multiple of 199?
False
Is 2043090 a multiple of 1229?
False
Is 74801 a multiple of 21?
False
Does 216 divide 162648?
True
Is 2428320 a multiple of 430?
False
Is 15 a factor of 1487550?
True
Is 335522 a multiple of 302?
True
Does 12 divide 21924?
True
Does 141 divide 2318181?
True
Is 32097 a multiple of 81?
False
Is 3 a factor of 30393?
True
Is 1289250 a multiple of 225?
True
Is 35 a factor of 35192?
False
Is 480701 a multiple of 103?
True
Is 98 a factor of 108954?
False
Does 109 divide 509619?
False
Is 123 a factor of 3177052?
False
Is 2 a factor of 164741?
False
Is 20 a factor of 16620?
True
Does 86 divide 67098?
False
Does 19 divide 13366028?
False
Does 51 divide 21981?
True
Is 1149540 a multiple of 1127?
True
Does 7 divide 309281?
True
Does 37 divide 4266544?
True
Does 25 divide 163308?
False
Is 56 a factor of 249032?
True
Does 38 divide 88388?
True
Is 1669796 a multiple of 913?
False
Is 68 a factor of 97104?
True
Is 46 a factor of 196620?
False
Is 37798 a multiple of 17?
False
Is 558 a factor of 8370?
True
Does 361 divide 491309?
False
Is 471680 a multiple of 704?
True
Is 966816 a multiple of 48?
True
Does 1319 divide 555446?
False
Is 761319 a multiple of 14?
False
Is 24857253 a multiple of 13?
False
Is 6778331 a multiple of 110?
False
Does 16 divide 20750970?
False
Is 4880043 a multiple of 3?
True
Is 308720 a multiple of 34?
True
Does 487 divide 7583225?
False
Is 9 a factor of 749736?
True
Is 51040 a multiple of 7?
False
Is 1413 a factor of 390234?
False
Is 70 a factor of 2273?
False
Is 570776 a multiple of 38?
False
Is 3 a factor of 1771384?
False
Is 621 a factor of 351109?
False
Is 6363711 a multiple of 78?
False
Is 13941 a multiple of 9?
True
Does 15 divide 497522?
False
Is 74955 even?
False
Is 1932251 a multiple of 6?
False
Does 114 divide 1603410?
True
Does 263 divide 33927?
True
Does 193 divide 1839676?
True
Does 2157 divide 4186737?
True
Is 1